at is the hundreds digit of f?
1
Let h(g) = -g**3 + 6*g**2 - 3*g - 6. Let x be h(5). Suppose 3*k - 592 = -2*k + x*t, -3*t - 114 = -k. What is the hundreds digit of k?
1
Suppose 19*c - 21*c + 2324 = 3*w, -2*c = 5*w - 2332. What is the units digit of c?
6
Let f(d) = 31*d**2 - 10*d + 57. What is the hundreds digit of f(6)?
1
Let p(b) = b**2 - 11*b + 16. Let f be p(10). Suppose f + 0 = t. What is the units digit of t?
6
Let h(w) = 43*w - 27. Let d be h(5). Suppose a = -a + d. What is the units digit of a?
4
Let f = -276 + 162. Let p = f + 271. What is the tens digit of p?
5
Let q(a) = 116*a**2 - 9*a + 10. Let w be q(3). Suppose 9*u - 1538 = w. What is the hundreds digit of u?
2
Let c be (-5 - -11)*2/12. Let x be (4/(-1 - 1))/c. What is the tens digit of (4 + -2)*(-33)/x?
3
Let f(b) = b**2 - 7*b - 1. Let y be f(6). Let s(v) = -v - 11. Let l be s(0). Let q = y - l. What is the units digit of q?
4
Let t be 3/1 + 2 + -2. Suppose -5*q + 26 = s, 4*s + 0*s - 127 = t*q. What is the tens digit of s?
3
Let y(c) = -5*c + 18. Let b be y(6). What is the tens digit of ((-6)/b)/((-2)/(-340))?
8
Let w(r) = -r - 4. Let l be w(-8). Suppose 0 = -l*z + 129 - 33. Suppose z = 4*k - 3*k. What is the tens digit of k?
2
Suppose 2871 = 3*r - 726. What is the units digit of r?
9
Let i(g) = -g**2 - g + 1. Let f(l) = -4*l**2 - 3*l - 2. Let d(z) = -f(z) + 3*i(z). Let c be d(8). Suppose 0 = -2*o - 1 + c. What is the units digit of o?
4
Let h = -28 - -30. Suppose 4*v = h*v + 10. What is the units digit of v?
5
Let p(g) = -g**3 + 9*g**2 + 30*g - 17. Let w be p(12). Let y = w + 157. What is the units digit of y?
8
Let k = -1939 + 2723. What is the hundreds digit of k?
7
Let j(s) = 12*s**2 + 15*s + 17. What is the units digit of j(6)?
9
Suppose 3*d + 4*a - 17421 = 0, -12*d + 2*a - 5807 = -13*d. What is the tens digit of d?
0
Let f = 87 + 16. Suppose 0 = 5*z + 3*i - 195 - 260, -z - 3*i = -f. What is the tens digit of z?
8
Suppose -202 = -5*k + 2718. What is the tens digit of k?
8
Let l(g) = -68*g**3 + 7*g**2 - 3*g - 6. Let x(j) = 34*j**3 - 4*j**2 + 2*j + 3. Let t(a) = -4*l(a) - 7*x(a). What is the hundreds digit of t(2)?
2
Suppose -72*a + 232 = -70*a. What is the units digit of a?
6
Let b(i) = i**2 - 2*i - 12. Let z be b(8). Suppose -m + z = 4*r - 8, -3*r - 335 = -5*m. What is the tens digit of m?
6
Let k(r) = 4*r + 10*r - 20 + 0*r**2 + r**2. What is the units digit of k(8)?
6
Let t = 2273 - 1273. What is the units digit of t?
0
Let b(r) = -4*r - 10. Suppose 2*s + 4*f - 20 = 0, -2*s + f - 4 = 1. Suppose 4*w = -16, s*x = -2*x + 3*w - 2. What is the tens digit of b(x)?
1
Let j(w) = 2*w**3 - 2*w**2 - 2*w - 1. Let n be j(-1). Let s be ((-9)/n)/3*-1. What is the tens digit of s + (-3)/(6/(-52))?
2
What is the units digit of ((-35)/(-15))/1*183?
7
Suppose 14 = 5*o + 29. Let r be (-14 - 0) + o + 4. What is the units digit of 2/(-6)*(r - 2)?
5
Suppose r + 20 = -0. What is the tens digit of (15/r)/((-1)/40)?
3
Let k be -2 + -1 + 10 + -3. Suppose 2*i = -5*h + 29, k*i + 12 = -0*i. Let o(w) = -w**3 + 9*w**2 - 5*w - 4. What is the units digit of o(h)?
9
Let u(y) = 20*y - 22. Let c be u(-8). Let w = c + 366. What is the tens digit of w?
8
Suppose -14*s - 5664 = -20*s. What is the hundreds digit of s?
9
Let m(u) = -u**2 - 8*u - 12. Let t be m(-13). Let c = -42 - t. What is the units digit of c?
5
Suppose -40 = 41*f - 43*f. Suppose 0 = -3*g + 3*j + j + 175, 5*j = -f. What is the units digit of g?
3
Let f(t) = t + 1. Let k be f(4). Let i be 50 - k - 0/(-2). What is the units digit of 6/i - (-1190)/75?
6
Let q = -367 - -729. What is the units digit of q?
2
Suppose -116 = -2*h + h. Let q = h - 35. What is the units digit of q?
1
Suppose 12 = -3*g + w, -2*w = -4*g + 2*w - 16. Suppose 0*n - 2 = -2*n. What is the units digit of (g - n)/(0 + -1)?
5
Suppose d - 2 = 2*h, -28 = 4*d - h + 5*h. What is the units digit of ((-6)/(-10))/(((-16)/1180)/d)?
7
Let s = 979 - 203. What is the units digit of s?
6
Suppose 1271 + 9691 = 7*p. What is the thousands digit of p?
1
Let c = -2261 + 4186. What is the hundreds digit of c?
9
Let f(s) = -2*s**3 + 3*s**2 - 3*s - 7. Let b be f(3). Let w = b - -125. What is the units digit of w?
2
Let y(o) = o**3 + o**2 - o + 26. Let i be (0/(7 + -3))/1. What is the units digit of y(i)?
6
Let a(c) = c**2 + 7*c + 9. Let f be a(-3). Let y(k) be the first derivative of -2*k**2 - 6*k + 2. What is the units digit of y(f)?
6
Let m(k) = 71*k**2 + 13*k + 43. What is the tens digit of m(-5)?
5
Let k(y) = 2*y**2 + 6*y + 49. What is the tens digit of k(-28)?
4
Let u be 10/15 + (-170)/(-15). Let m(l) = -u - 6 + 4*l - 2 + 5. What is the units digit of m(5)?
5
Suppose 0 = 71*q - 41918 + 7057. What is the hundreds digit of q?
4
Let c(j) = j**2 - 16. Let p be c(-8). Let w = 195 + p. What is the tens digit of w?
4
Suppose 3*x - 15*w + 9*w - 8892 = 0, -4*w + 5888 = 2*x. What is the tens digit of x?
5
Let s(u) = u**3 - 9*u**2 - 9*u + 1. Let j be s(10). Suppose 216 = j*m - 8*m. What is the tens digit of m?
7
Let c(z) = 3*z**2 + 11*z + 52. Let o be c(-6). Let f be 3*2/(-3) - 44. Let h = o + f. What is the tens digit of h?
4
Let l(h) be the second derivative of -11*h**4/8 - 2*h**3/3 + 3*h**2 + h. Let v(c) be the first derivative of l(c). What is the tens digit of v(-1)?
2
Let b be 54/14 - (-2)/14. Suppose 3*j + b*x + 3 = -3, -5*j - x + 7 = 0. Suppose -j*n = 2*n - 56. What is the tens digit of n?
1
Let u be 1 + -2 + 0 + 2. Let l = u + 3. Suppose 3*f = 5*t - 5, 2*f + l = 4*t - 0*f. What is the units digit of t?
1
Suppose 12*a = 11*a. Suppose -12*k + 11*k + 23 = a. Let r = -17 + k. What is the units digit of r?
6
Let z(s) = 32*s**3 + 8*s**2 - 12*s + 2. What is the hundreds digit of z(2)?
2
What is the tens digit of -1491*5/(-60) + 2/(-8)?
2
Let r = 135 + -145. What is the units digit of (5/1 + r)*(-1 + -12)?
5
Let f = -39 - -39. Suppose f = 9*z - 7*z - 186. What is the units digit of z?
3
Suppose 7*b = 393 + 174. What is the units digit of b?
1
Suppose 365*j - 432 = 362*j. What is the hundreds digit of j?
1
Let f = 37 + 52. What is the tens digit of f?
8
Suppose 2*h - 437 = 3*g, 0 = h + 5. Let a = g + 277. What is the hundreds digit of a?
1
Let b(f) = 4 - 10*f - 2 + 2. Let k be b(-8). Suppose -5*z = -k + 19. What is the units digit of z?
3
Let x(a) = -15*a - 1. Let j be x(-7). Suppose c - 3*c = -j. What is the tens digit of c?
5
Suppose 5*i + 20 = 0, -4*b + 3*i + 12 = -0*i. Suppose b = -5*p + z - 21, 6*p + 9 = 3*p - 3*z. What is the units digit of p/7 + (-263)/(-7)?
7
Suppose 1314 = 4*z - 2*w, 2*z - 4*w + 1623 = 7*z. What is the tens digit of z/15 - 8/10?
2
Suppose 1 = 4*o - 19, 5*r + 4*o - 30 = 0. Let z(t) = -13 + 0 - t + t**r - 2*t + 0*t. What is the units digit of z(7)?
5
Suppose 3*x - 47 - 15 = c, 50 = 3*x + 5*c. Let o be (-4)/22 - x/(-110). Suppose o = -y + 4*n + 30, -5*n - 53 = -5*y + 97. What is the units digit of y?
0
Let x(y) be the first derivative of 11*y**2/2 - 38*y + 13. What is the tens digit of x(7)?
3
Suppose -4*y = 3*n - 11412, 11380 = 4*y - 39*n + 34*n. What is the units digit of y?
0
What is the tens digit of 5320/50*(-10)/(-4)?
6
Let a be ((-35)/10)/7 - 746/4. What is the tens digit of (a/(-33))/(1/18)?
0
Let i be ((-5)/10)/(2/(-8)). Suppose 3*f - 23 = d - 5, -3*d = -i*f + 47. Let t = 32 + d. What is the tens digit of t?
1
Let c(q) = 2*q**3 + 10 - 11 + 4*q - 18*q**2 + 17*q**2 + 2*q**3. What is the hundreds digit of c(3)?
1
Let o = -382 - -1720. What is the hundreds digit of o?
3
Let a(q) = -370*q - 48. What is the tens digit of a(-2)?
9
Let u(v) = -2*v**3 + 43*v**2 - 33*v - 8. What is the hundreds digit of u(19)?
1
Suppose 81*g - 82*g = -1562. What is the thousands digit of g?
1
Let q(r) = r**3 + 8*r**2 - 13. What is the tens digit of q(-3)?
3
Suppose 0 = -5*h - 0*h + 135. Let w be 10/(-2)*h/(-45). Let j = w - -24. What is the tens digit of j?
2
What is the units digit of (-16)/32 - (1 - 185/2)?
1
Let n(m) = -10 - 3*m + 4 + 3*m + 4*m. Let i be n(3). Suppose -36 = -2*x - 2*u + i*u, 3*x = -3*u + 72. What is the units digit of x?
2
Suppose -438 + 78 = -5*m. What is the tens digit of m - 6/((-4)/2)?
7
Suppose 0 = -6*t + 3*t - 5*b + 320, 0 = -5*t - 4*b + 542. What is the tens digit of t?
1
Let v(c) = 6*c + 3. Suppose -11*g + 7*g = -8. Suppose -j = -4*q - 22, g*j = 4*q - 8 + 32. What is the